z. List the prime factors of d - -1 - (-14 - 8).
19
Let o(m) = 33*m**3 - 4*m**2 + 5*m - 2. Let k be o(2). Suppose 0 = 3*w - r - k, -5*w - 7*r + 400 = -2*r. What are the prime factors of w?
2, 3, 7
Let j = -930 - -3305. What are the prime factors of j?
5, 19
Suppose -6*r = -10 - 98. Suppose -5*x + r = 2*m, 39 = m - x - 4*x. What are the prime factors of 1 + m - (-5 + 4)?
3, 7
Suppose 5*k + 700 = 10*k. What are the prime factors of k?
2, 5, 7
Let r = 27 - 18. Let m be -3 + (r/3 - 0). Suppose m*h = -2*h + 94. What are the prime factors of h?
47
Let k = 22 + -17. Suppose -3*l = k*q - 52, 3*l - 4*l + 14 = 5*q. What are the prime factors of l?
19
Suppose 2*w = 7*w - 10. Suppose -3*z - w = -11. What are the prime factors of (-6)/(((-12)/8)/z)?
2, 3
Let n = 152 + 244. List the prime factors of n.
2, 3, 11
Let x(m) = -311*m - 95. What are the prime factors of x(-3)?
2, 419
Suppose 12*w + 10*w - 3740 = 0. What are the prime factors of w?
2, 5, 17
Suppose -18*l + 7833 + 36591 = 0. What are the prime factors of l?
2, 617
Suppose -4*r = -2*c + 1074, 0 = -5*c - 2*r + 4*r + 2693. List the prime factors of c.
7, 11
Let q(h) = h**3 + 12*h**2 + 20*h - 95. List the prime factors of q(11).
2, 727
Suppose h = -2*h + 15. Suppose 0 = -h*w + 7*w - 126. List the prime factors of 3605/w + 4/(-18).
3, 19
Suppose 4*b + k - 8 = 0, 2*b - 3*k = -b + 6. Let x(l) = -4 + 4 - b*l + 1 - l. What are the prime factors of x(-9)?
2, 7
Let h = -959 - -1380. Suppose -3*l - 4*p - 65 = -h, 0 = 4*p - 20. What are the prime factors of l?
2, 7
Let m = 2 - -1731. List the prime factors of m.
1733
Let t be 0 - 0 - (9 + -2). Let h(u) = 3*u + 7. Let n(w) = 4*w + 8. Let r(i) = -3*h(i) + 2*n(i). List the prime factors of r(t).
2
Let z be 2/(5/20*-1). List the prime factors of (4/(-3))/(z/180).
2, 3, 5
Suppose 7*w + 20 = 8*w. Let j be 2*w*(-60)/(-25). Let f = 142 - j. What are the prime factors of f?
2, 23
Suppose 9*l - 4283 = 7*l - 3*p, p = -5*l + 10714. What are the prime factors of l?
2143
Suppose -10*b + 6303 - 733 = 0. What are the prime factors of b?
557
Let o(l) = -l**3 - 17*l**2 + 11*l + 10. Let v be o(-17). Let y = -30 - v. List the prime factors of y.
3, 7
Let i(p) be the third derivative of -6*p**2 + 19/6*p**3 + 0*p + 1/24*p**4 + 0 + 1/120*p**6 + 1/60*p**5. What are the prime factors of i(0)?
19
Suppose 0 = -25*z + 38*z - 6682. List the prime factors of z.
2, 257
Let u(h) = 2*h**3 + h**2 - 2*h - 4. Let p be u(-3). Let c = -32 - p. What are the prime factors of c?
11
Let p be (-10)/35 + (-44)/(-7). Let j = -45 + p. What are the prime factors of j/(-3 - 9/(-6))?
2, 13
Suppose 6483 - 58865 = -22*f. What are the prime factors of f?
2381
Suppose -2*s - 17 = -283. Let q = 109 - 30. Let p = s - q. What are the prime factors of p?
2, 3
Suppose -2*a = -1041 - 639. What are the prime factors of a?
2, 3, 5, 7
Let i(b) = -b**3 + 13*b**2 + 12*b + 35. Let u be i(14). Suppose -5*j - 2*n = -678, -u*n = -j - 11*n + 132. List the prime factors of j.
2, 17
Let t(i) be the second derivative of -7*i**3/6 - 7*i**2/2 + 12*i. Let v(a) = 20*a + 21. Let g(j) = 8*t(j) + 3*v(j). List the prime factors of g(5).
3
Suppose -4*z - 72 - 56 = 0. Let y = -30 - z. List the prime factors of y.
2
Let h(s) = s**2 + 11*s + 14. Let z be h(-10). Suppose -4*o - 6 - 4 = -2*f, -z*f = -3*o - 20. Suppose v + o*v = 32. What are the prime factors of v?
2
Let j = -104 + 103. What are the prime factors of (582/9)/(j/(12/(-8)))?
97
Let u = 3669 - 1879. What are the prime factors of u?
2, 5, 179
Suppose 4*g = -4*c, 0 = -c - 0*c + 5. What are the prime factors of (-2)/(-4) + ((-699)/(-6) - g)?
2, 61
Let t(a) = 24*a + a**3 - 3*a**3 + 27*a**2 - 19 + 3*a**3 - 18. List the prime factors of t(-26).
3, 5
Let i = 1617 + -1027. List the prime factors of i.
2, 5, 59
Let c = -70 + 59. Let x(s) = -12*s + 19. What are the prime factors of x(c)?
151
Let u = -855 - -908. What are the prime factors of u?
53
Let z(f) = f - 3. Let a be z(5). Let n(l) = -2*l - 55 - a*l**2 + 53 + 12*l**2 + 0*l. What are the prime factors of n(-2)?
2, 3, 7
Let y = -22 - -29. Suppose 2*j + 245 = y*j. List the prime factors of j.
7
Let f(u) be the second derivative of 13*u**4/12 - u**2 + 13*u. List the prime factors of f(-2).
2, 5
Let j(q) = -2*q + 10. Let z be j(-6). Suppose -4*a + 3*a - z = 0. What are the prime factors of (-62)/(-22) + a/(-121)?
3
Suppose -3*n + 0*w + 2*w = -10, -2*n = -4*w + 4. Let m be 6/12*(n - -2). Suppose 0 = -m*q - 0*q + 108. List the prime factors of q.
3
Let f be -1 + 106 - 2/(3/3). Let m = 277 - f. List the prime factors of m.
2, 3, 29
List the prime factors of 4/(-14) - (-655413)/231.
2837
Let d(f) = -f**3 + f**2 + 5*f + 2. Let m = -100 - -95. List the prime factors of d(m).
127
Let l(o) = o + 1. Let s be l(1). Suppose 103 = s*p - 13. Suppose 5*y - p = 3*y. What are the prime factors of y?
29
Suppose 4*c + u - 612 = 0, -3*u + 458 = 3*c - 2*u. Let x = c + -88. What are the prime factors of x?
2, 3, 11
Suppose 5*p - 26*p = -13293. What are the prime factors of p?
3, 211
Suppose -3*l + 30 = 2*i + 2*i, i - 3 = 0. Suppose -4*d + 3 = t + 15, -l = -t + 2*d. List the prime factors of 6 - 1/(-3)*t.
2, 3
List the prime factors of -6*((-1241)/(-6))/(-17).
73
Let c be 0 - 3/(-6)*0. Suppose -5*w - 3*g + 24 = c, 2*g - 10 = -2*w + g. Suppose -12 = -w*l + 2*l. List the prime factors of l.
3
Let a = 4780 - 2417. List the prime factors of a.
17, 139
Let l(p) = -2*p + 26. Let t be l(11). Suppose t*g = 2 + 18, -m + 445 = g. Suppose 4*j - 5*i - m = -j, j - 63 = -4*i. List the prime factors of j.
83
Suppose -3*q = -5*o - 886, o - 922 = -3*q - 3*o. What are the prime factors of q?
2, 151
Suppose 3*r + 5*x = 25, 3*x - 6*x = r - 11. Suppose 5 = -r*m, w + 4*m = -m + 52. List the prime factors of w.
3, 19
Let f(i) = i**3 + 26. Let l be f(0). Suppose -q - 8 = -l. What are the prime factors of q?
2, 3
Suppose -2*k + 6 + 7 = -f, 46 = 4*k + 2*f. Let y = -1 - -2. Let o = k + y. List the prime factors of o.
2, 5
Suppose 12*d - 12385 = 1187. List the prime factors of d.
3, 13, 29
Suppose -i + 5*a - 17 = -2*i, -2*i + 7 = a. Let y be 3 - (3 - i - 1). Suppose -4*b - 5*c + 10*c - y = 0, 0 = -b - 2*c + 9. List the prime factors of b.
3
Let w(h) = 16*h**2 - h + 99. List the prime factors of w(8).
5, 223
Let k = 11 + -13. Let o be (k - -3) + 5 + -4. Suppose -c + 4*g - g + 31 = 0, 36 = c + o*g. List the prime factors of c.
2, 17
Let x = 670 + 64. List the prime factors of x.
2, 367
Suppose 15*u - 11*u - 1768 = 0. What are the prime factors of u?
2, 13, 17
Let r = 1619 - 1067. List the prime factors of r.
2, 3, 23
Suppose 4*p + a = -2*a + 22, 0 = 2*p + 2*a - 12. Suppose -p*i + 128 = -140. What are the prime factors of i?
67
Suppose 2*f - 158 + 22 = 0. Let a = -42 + f. What are the prime factors of a?
2, 13
Let f = 27 - 27. Suppose 4*d + 2 - 26 = f. Suppose 0 = -0*g + d*g - 312. What are the prime factors of g?
2, 13
Let w be (-18)/(-45) + (-8)/(-5). Let i(r) = -4*r + 2*r**w + r**2 + 0*r**2 + 2*r**2. List the prime factors of i(-3).
3, 19
Let a = 1212 + -542. What are the prime factors of a?
2, 5, 67
Let w(c) = -53*c - 13. List the prime factors of w(-12).
7, 89
Let o(m) be the third derivative of 2*m**4/3 + m**3/2 + 8*m**2. What are the prime factors of o(4)?
67
Let z(b) = -b**3 - 3*b**2 - 2*b - 3. Let c be z(-3). Let p be c*(-1 + -2)/(-3). List the prime factors of 20 - 6/(-3) - p.
19
Suppose -3*q - 1 = 5. Let t = 0 + q. List the prime factors of 145/10 - 3/t.
2
Suppose -2*z + 34 = 4*a, -3*a - 4*z = -8*a + 62. Suppose 4*x = 2*x + 2*n + 34, 2*n - a = 0. Suppose -3 - x = -5*l. List the prime factors of l.
5
Let l = 1004 - 621. List the prime factors of l.
383
Let d be 6/(-9) + (-70)/(-15). Suppose 0 = -d*r - r + 25. Suppose -2*y = -r*k + 231, k - 2*y = 38 + 13. List the prime factors of k.
3, 5
Let l(w) = 2*w**3 - 10*w**2 - 9*w - 18. Let m be l(8). Let a = -88 + m. What are the prime factors of a?
2, 103
Let p(v) = -18*v + 2. Let t be p(-3). Suppose t = u - 16. What are the prime factors of u?
2, 3
Suppose 4*b + 11 = 27. Suppose -3*f - b*r = -375, 250 = -3*f + 5*f - 5*r. What are the prime factors of f?
5
Let n(g) = -2*g - 8. Let h be n(-5). List the prime factors of 60*1/(4/h).
2, 3, 5
Suppose 3 + 1 = p. List the prime factors of p/(-10)*(-6 - 299).
2, 61
Let b be (-4)/6 - (-188)/12. 